{"id":31,"date":"2018-07-25T14:42:47","date_gmt":"2018-07-25T12:42:47","guid":{"rendered":"http:\/\/champterroir.fr\/?page_id=31"},"modified":"2018-07-30T14:33:12","modified_gmt":"2018-07-30T12:33:12","slug":"champterroir","status":"publish","type":"page","link":"https:\/\/champterroir.fr\/?page_id=31","title":{"rendered":"Champterroir"},"content":{"rendered":"<div class=\"wpb-content-wrapper\"><p>[vc_row css_animation=\u00a0\u00bb\u00a0\u00bb row_type=\u00a0\u00bbrow\u00a0\u00bb use_row_as_full_screen_section=\u00a0\u00bbno\u00a0\u00bb type=\u00a0\u00bbfull_width\u00a0\u00bb angled_section=\u00a0\u00bbno\u00a0\u00bb text_align=\u00a0\u00bbleft\u00a0\u00bb background_image_as_pattern=\u00a0\u00bbwithout_pattern\u00a0\u00bb][vc_column][vc_column_text]<\/p>\n<h2><strong>Une association culture et tradition au c\u0153ur de la Haute-Provence<\/strong><\/h2>\n<p>[\/vc_column_text][vc_empty_space][vc_column_text]<strong>En 1982,<\/strong> Christian Richaud, directeur de l&rsquo;\u00e9cole primaire de Champtercier, lance l&rsquo;id\u00e9e de la cr\u00e9ation d&rsquo;une \u00e9cole de musique pour les enfants de la commune. Avec l&rsquo;appui de la municipalit\u00e9, du Cr\u00e9dit agricole et de b\u00e9n\u00e9voles, cette \u00e9cole voit le jour sous le nom de Chanterroir. Pendant deux ans, sous la pr\u00e9sidence de Christian Richaud, l&rsquo;\u00e9cole se d\u00e9veloppe mais le manque de moyens financiers se fait rapidement sentir. C&rsquo;est alors que le pr\u00e9sident eut une nouvelle id\u00e9e : cr\u00e9er une foire aux santons au village m\u00eame de Champtercier. Son but est double : r\u00e9colter des fonds et assurer le fonctionnement de l&rsquo;\u00e9cole de musique mais aussi valoriser des animations artisanales, artistiques et culturelles.<\/p>\n<p>&nbsp;<\/p>\n<p>Cette foire aux santons annuelle est organis\u00e9e en fin d&rsquo;ann\u00e9e \u00e0 l&rsquo;approche des f\u00eates de No\u00ebl.<\/p>\n<p>&nbsp;<\/p>\n<p><strong>En 1983<\/strong> a lieu la premi\u00e8re foire aux santons du Haut Pays proven\u00e7al. Elle se d\u00e9roule dans les locaux du village de vacances de Chandour\u00e8ne. M. Bonnefille, le directeur, prend fait et cause pour cette manifestation et pendant trois ans accueille les exposants santonniers.<\/p>\n<p>&nbsp;<\/p>\n<p><strong>En 1986,<\/strong> le village de vacances ne pourra plus accueillir cette foire car le village est alors ferm\u00e9 en p\u00e9riode hivernale. La foire se d\u00e9roulera donc pour le premi\u00e8re fois dans la salle polyvalente de Champtercier, encore en travaux&#8230;<\/p>\n<p>&nbsp;<\/p>\n<p>La foire aux santons conna\u00eetra un succ\u00e8s grandissant au fil des ann\u00e9es.<\/p>\n<p>&nbsp;<\/p>\n<p><strong>En 1989,<\/strong> c&rsquo;est la cr\u00e9ation des \u00ab\u00a0Melchior\u00a0\u00bb, concours international du santon, qui ajoute un attrait suppl\u00e9mentaire \u00e0 la foire. Pendant une dizaine d&rsquo;ann\u00e9es, des professionnels mais aussi quelques amateurs vont, sur un th\u00e8me diff\u00e9rent, exercer leur talent et donner naissance \u00e0 des \u0153uvres uniques et originales.<\/p>\n<p>&nbsp;<\/p>\n<p>C&rsquo;est \u00e0 cette \u00e9poque que nait le mus\u00e9e du santon, en suite logique des \u00e9v\u00e9nements que sont la foire aux santons, les \u00ab\u00a0Melchior\u00a0\u00bb et l&rsquo;installation en 1988 dans le village d&rsquo;un santonnier, <a href=\"http:\/\/www.santons-volpes.com\" target=\"_blank\" rel=\"noopener\">Patrick Volpes.<\/a><\/p>\n<p>&nbsp;<\/p>\n<p>Aujourd&rsquo;hui, on peut admirer dans ce mus\u00e9e des santons originaux et quelque unes des plus belles r\u00e9alisations prim\u00e9es lors des \u00ab\u00a0Melchior\u00a0\u00bb.<\/p>\n<p>&nbsp;<\/p>\n<p><strong>En 2000,<\/strong> l&rsquo;\u00e9cole de musique n&rsquo;existant plus, l&rsquo;association change de nom et recentre ses activit\u00e9s sur la foire aux santons, l&rsquo;atelier de c\u00e9ramique pour les enfants des \u00e9coles et l&rsquo;atelier de peinture pour les adultes. Chanterroir devient alors Champterroir.<\/p>\n<p>&nbsp;<\/p>\n<p><strong>En 2012,<\/strong> l&rsquo;atelier c\u00e9ramique disparait, mais Champterroir maintient ses deux autres activit\u00e9s principales. On f\u00eatera cette m\u00eame ann\u00e9e le 30e anniversaire de l&rsquo;association, en esp\u00e9rant continuer \u00e0 promouvoir les activit\u00e9s et animations artistiques et culturelles dans ce Haut Pays proven\u00e7al o\u00f9 Champtercier occupe une place de choix.[\/vc_column_text][vc_empty_space height=\u00a0\u00bb60px\u00a0\u00bb][\/vc_column][\/vc_row]<\/p>\n<\/div>","protected":false},"excerpt":{"rendered":"<p>[vc_row css_animation=\u00a0\u00bb\u00a0\u00bb row_type=\u00a0\u00bbrow\u00a0\u00bb use_row_as_full_screen_section=\u00a0\u00bbno\u00a0\u00bb type=\u00a0\u00bbfull_width\u00a0\u00bb angled_section=\u00a0\u00bbno\u00a0\u00bb text_align=\u00a0\u00bbleft\u00a0\u00bb background_image_as_pattern=\u00a0\u00bbwithout_pattern\u00a0\u00bb][vc_column][vc_column_text] Une association culture et tradition au c\u0153ur de la Haute-Provence [\/vc_column_text][vc_empty_space][vc_column_text]En 1982, Christian Richaud, directeur de l&rsquo;\u00e9cole primaire de Champtercier, lance l&rsquo;id\u00e9e de la cr\u00e9ation d&rsquo;une \u00e9cole de musique pour les enfants de la commune. Avec l&rsquo;appui&#8230;<\/p>\n","protected":false},"author":1,"featured_media":0,"parent":0,"menu_order":0,"comment_status":"closed","ping_status":"closed","template":"","meta":{"footnotes":""},"_links":{"self":[{"href":"https:\/\/champterroir.fr\/index.php?rest_route=\/wp\/v2\/pages\/31"}],"collection":[{"href":"https:\/\/champterroir.fr\/index.php?rest_route=\/wp\/v2\/pages"}],"about":[{"href":"https:\/\/champterroir.fr\/index.php?rest_route=\/wp\/v2\/types\/page"}],"author":[{"embeddable":true,"href":"https:\/\/champterroir.fr\/index.php?rest_route=\/wp\/v2\/users\/1"}],"replies":[{"embeddable":true,"href":"https:\/\/champterroir.fr\/index.php?rest_route=%2Fwp%2Fv2%2Fcomments&post=31"}],"version-history":[{"count":9,"href":"https:\/\/champterroir.fr\/index.php?rest_route=\/wp\/v2\/pages\/31\/revisions"}],"predecessor-version":[{"id":376,"href":"https:\/\/champterroir.fr\/index.php?rest_route=\/wp\/v2\/pages\/31\/revisions\/376"}],"wp:attachment":[{"href":"https:\/\/champterroir.fr\/index.php?rest_route=%2Fwp%2Fv2%2Fmedia&parent=31"}],"curies":[{"name":"wp","href":"https:\/\/api.w.org\/{rel}","templated":true}]}}